1011001110101
In base 7, what is 244 - -1326424?
1330001
In base 4, what is 101331132 + -23212?
101301320
In base 11, what is -4 - 655a4010?
-655a4014
In base 2, what is -10010101110 - 100111001100?
-111001111010
In base 2, what is -11100001 + -110101010110110?
-110101110010111
In base 8, what is 650 - -53137?
54007
In base 15, what is -1222a + -e?
-12239
In base 5, what is -2342 - 3444123?
-4002020
In base 10, what is -200 + -1548?
-1748
In base 16, what is 176a + -b5?
16b5
In base 6, what is -1555335113 - -4?
-1555335105
In base 3, what is -120 - -110120102120?
110120102000
In base 12, what is -95532 - 41?
-95573
In base 6, what is -12003353020 - -4?
-12003353012
In base 14, what is -5 - -42807d9?
42807d4
In base 14, what is -216b61 + c?
-216b53
In base 11, what is 6 + 103950?
103956
In base 14, what is a17878 - -3?
a1787b
In base 9, what is 36462764 + -15?
36462748
In base 7, what is 66144 + 1202?
100346
In base 12, what is b50b6 + -34?
b5082
In base 13, what is 16a4315 + -10?
16a4305
In base 3, what is -12212211 + -20001021000?
-20021010211
In base 10, what is -8982 - -121?
-8861
In base 16, what is 1f1a + -237?
1ce3
In base 6, what is -1155454423 + -111?
-1155454534
In base 9, what is 2 + 8154065?
8154067
In base 3, what is -1112100122012212 + 11?
-1112100122012201
In base 13, what is 6a1746 - 5?
6a1741
In base 5, what is -4113301321 - -3?
-4113301313
In base 11, what is 401a302 + -5?
401a2a8
In base 7, what is 6336052 + 20?
6336102
In base 3, what is -12 + -102121021202202212?
-102121021202210001
In base 5, what is 0 - 41342133323?
-41342133323
In base 11, what is 4 - -2610742?
2610746
In base 15, what is a4 + 40aae?
40b63
In base 7, what is 2 + 13535624353?
13535624355
In base 10, what is 726 + 1752753?
1753479
In base 6, what is 2150540 - 221?
2150315
In base 7, what is -153 - -1031616?
1031433
In base 4, what is -23213222 + -2012?
-23221300
In base 12, what is 33 - -110172?
1101a5
In base 10, what is -200 - -62156?
61956
In base 3, what is 100200101110111001 + 1?
100200101110111002
In base 13, what is 6 + 184041?
184047
In base 5, what is -21012311 + 2221?
-21010040
In base 11, what is 38 + 29574a6?
2957533
In base 15, what is 2e18e - bbe?
2d4c0
In base 13, what is -a5 - 33081c?
-3308c4
In base 15, what is -ca70 - 1d69?
-e8d9
In base 4, what is -2 - -100010130002?
100010130000
In base 10, what is 2418 + 1439?
3857
In base 3, what is 10020111001 - -111001?
10020222002
In base 9, what is 753 - 673061?
-672207
In base 5, what is -10414 - 2143432?
-2204401
In base 13, what is 7858 + -230?
7628
In base 2, what is -10000100100100110001 + -1110?
-10000100100100111111
In base 6, what is -102001511322 - 4?
-102001511330
In base 5, what is 1034200203 + -2?
1034200201
In base 10, what is -2666277 - -4?
-2666273
In base 16, what is -3d8 + -af?
-487
In base 11, what is 1007071 + -109?
1006a63
In base 6, what is 20423403 - -202?
20424005
In base 6, what is -345435 - 113142?
-503021
In base 9, what is -61 + -15730?
-15801
In base 13, what is -c2b385c + -2?
-c2b3861
In base 14, what is 34 + 10add5?
10b029
In base 2, what is -11101011001000001010 - 111001011?
-11101011001111010101
In base 2, what is 1101010110010 + -110011?
1101001111111
In base 8, what is 2016 - 506103?
-504065
In base 7, what is -3666341 + 26?
-3666312
In base 7, what is 344442305 - 2?
344442303
In base 10, what is 13 + 55851007?
55851020
In base 3, what is -2 - -10020001000021010?
10020001000021001
In base 14, what is c5d0bc5 + -4?
c5d0bc1
In base 6, what is 33210 - 120230?
-43020
In base 11, what is 3402 - -46824?
4a126
In base 12, what is 147144 + -59?
1470a7
In base 3, what is 12 + -211001210200120?
-211001210200101
In base 16, what is 2a17699 - 3?
2a17696
In base 3, what is 2 + -22010010010110?
-22010010010101
In base 5, what is 310343 + -3010?
302333
In base 11, what is -14 - -3192826?
3192812
In base 7, what is -124 - 32233656?
-32234113
In base 12, what is 49543 + -231?
49312
In base 15, what is 319 - 30a51?
-30737
In base 8, what is -73040 + 374?
-72444
In base 4, what is 30121123 - 10023?
30111100
In base 7, what is 146236 + -210?
146026
In base 10, what is -169 - -48395?
48226
In base 8, what is -4 - -4072751?
4072745
In base 6, what is -1245 + -4245030?
-4250315
In base 10, what is -16 - -1419240?
1419224
In base 13, what is 499018 - -9?
499024
In base 8, what is 126224567 + 2?
126224571
In base 16, what is 619981 + -e?
619973
In base 15, what is -d9b4 + -1de?
-dba3
In base 8, what is 20731 + -4235?
14474
In base 14, what is 4d32a57 - -1?
4d32a58
In base 2, what is 11 + 100100110111000100011010?
100100110111000100011101
In base 4, what is -3 - 2011102222?
-2011102231
In base 2, what is 11101111101110001101101001 + 11?
11101111101110001101101100
In base 14, what is 5c + 45c1a?
45c78
In base 5, what is 11402 + -12331324?
-12314422
In base 9, what is -1 - 30006886?
-30006887
In base 8, what is -1754635 - -11?
-1754624
In base 6, what is -203103124 + -4?
-203103132
In base 11, what is 14a701 + -92?
14a61a
In base 13, what is -4 + -a3a4315?
-a3a4319
In base 9, what is -116377 + -120?
-116507
In base 13, what is 45a0b + -20?
459bb
In base 6, what is -12 - 5150145410?
-5150145422
In base 6, what is -4003203 + -30435?
-4034042
In base 6, what is -203314 + -2551?
-210305
In base 10, what is 303707 - -97?
303804
In base 13, what is 1 - 265735?
-265734
In base 3, what is 1 - -2202221012001?
2202221012002
In base 4, what is -2 - 1301302301320?
-1301302301322
In base 4, what is -2310330011 + 210?
-2310323201
In base 15, what is 9 + -30a876?
-30a86c
In base 10, what is 2 - 96223015?
-96223013
In base 8, what is -723 - 203063?
-204006
In base 10, what is -1843137 + 15?
-1843122
In base 2, what is -1000 - -100110010010011100010001?
100110010010011100001001
In base 3, what is 1111 + -22211200?
-22210012
In base 14, what is -7 - b395a3?
-b395aa
In base 11, what is -125367 - 129?
-125495
In base 10, what is 844959 + -45?
844914
In base 8, what is -30622 + 5476?
-23124
In base 3, what is 1212002011 + 100110220?
2012120001
In base 8, what is -1254053 + 2261?
-1251572
In base 11, what is -3 - 51a965?
-51a968
In base 6, what is 313511025 - -10?
313511035
In base 7, what is -340 - 6045114?
-6045454
In base 12, what is -617623 + -2?
-617625
In base 6, what is 23555040 + -15?
23555021
In base 3, what is -211 + -110100220121?
-110100221102
In base 9, what is -6803 - 37005?
-44808
In base 12, what is 10817ab - -12?
1081801
In base 12, what is -628135 - a5?
-62821a
In base 16, what is 45 - 2a009?
-29fc4
In base 9, what is 440837417 - 0?
440837417
In base 2, what is 111 + 101000101101100011100?
101000101101100100011
In base 14, what is 5004 + -42cc?
b16
In base 15, what is c2b + -3041?
-2315
In base 10, what is 11 + -3391974?
-3391963
In base 16, what is 2 + d0192d?
d0192f
In base 14, what is dad6 - -c273?
1bd69
In base 8, what is -6526 + 5716?
-610
In base 11, what is -13459 + a8?
-13361
In base 15, what is 62860 - 45d?
62402
In base 4, what is -10 + -223301332301?
-223301332311
In base 15, what is -1a + -4729?
-4744
In base 6, what is 1005104215 + -5?
1005104210
In base 11, what is -8 - 27857980?
-27857988
In base 6, what is 2 + 1202345?
1202351
In base 14, what is -12252 - -1?
-12251
In base 11, what is -2 + 20544?
20542
In base 2, what is -10001111 - 111000111110010010110?
-111000111110100100101
In base 13, what is -31857 - 71?
-318c8
In base 12, what is -11 + -a661591?
-a6615a2
In base 11, what is 3912 + -234a9?
-1a697
In base 2, what is -111000100010010110 + -10111101?
-111000100101010011
In base 14, what is 2a4cb - 2c?
2a49d
In base 7, what is -112140532 - 231?
-112141063
In base 16, what is -1af7 - 1e2?
-1cd9
In base 2, what is 1101 + 10010011001110101?
10010011010000010
In base 2, what is -1110000011001 - 1000000000?
-1111000011001
In base 3, what is 212002002 - -11111022?
1000120101
In base 14, what is 64a418 + -1?
64a417
In base 12, what is 373 + -449b4?
-44641
In base 8, what is -4430233 + -704?
-4431137
In base 4, what is 133231301 - -122212?
200020113
In base 8, what is 233251 - -233?
233504
In base 15, what is -16 - a1295?
-a12ab
In base 3, what is -11120010100 - 20220211?
-11211001011
In base 13, what is -1c843b5 - -10?
-1c843a5
In base 8, what is 125532567 - 1?
125532566
In base